{"id":367,"date":"2017-02-16T17:20:00","date_gmt":"2017-02-16T16:20:00","guid":{"rendered":"http:\/\/eule-dresden.de\/?page_id=367"},"modified":"2017-03-03T15:38:00","modified_gmt":"2017-03-03T14:38:00","slug":"mietkonditionen","status":"publish","type":"page","link":"https:\/\/eule-dresden.de\/?page_id=367","title":{"rendered":"Mietkonditionen"},"content":{"rendered":"<p>Die Mietr\u00e4ume sind buchbar in Verbindung mit der Bestellung von Speisen und Getr\u00e4nken. Durch dieses Komplettangebot entstehen keine Mietkosten f\u00fcr die R\u00e4umlichkeiten.<\/p>\n<p>Wir empfehlen Ihnen f\u00fcr den reibungslosen Ablauf Ihrer Veranstaltung geschultes Servicepersonal.<\/p>\n<p>Bei der Veranstaltungsdurchf\u00fchrung achten wir selbstverst\u00e4ndlich darauf, dass der Personaleinsatz so effizient wie m\u00f6glich erfolgt.<\/p>\n<p>Au\u00dferdem haben Sie die M\u00f6glichkeit, weitere Dienstleistungen in Anspruch zu nehmen. Wir stellen Ihnen auf Anfrage gerne eine individuelle Dekoration, einen DJ oder Technik bereit, damit Sie und Ihre G\u00e4ste eine unvergessliche Veranstaltung erleben k\u00f6nnen.<\/p>\n<p>Haben Sie bitte Verst\u00e4ndnis, dass wir Besch\u00e4digungen und Verluste des Equipments zum Wiederbeschaffungswert in Rechnung stellen.<\/p>\n","protected":false},"excerpt":{"rendered":"<p>Die Mietr\u00e4ume sind buchbar in Verbindung mit der Bestellung von Speisen und Getr\u00e4nken. Durch dieses Komplettangebot entstehen keine Mietkosten f\u00fcr die R\u00e4umlichkeiten. Wir empfehlen Ihnen f\u00fcr den reibungslosen Ablauf Ihrer Veranstaltung geschultes Servicepersonal. Bei der Veranstaltungsdurchf\u00fchrung achten wir selbstverst\u00e4ndlich darauf, dass der Personaleinsatz so effizient wie m\u00f6glich erfolgt. Au\u00dferdem haben Sie die M\u00f6glichkeit, weitere Dienstleistungen&#8230; <br \/><a class=\"read-more btn btn-default btn-xs\" title=\"weiter lesen\" href=\"https:\/\/eule-dresden.de\/?page_id=367\"> weiter lesen<\/a><\/p>\n","protected":false},"author":1,"featured_media":482,"parent":0,"menu_order":0,"comment_status":"closed","ping_status":"closed","template":"","meta":{"_featured_slider_tag":"","footnotes":""},"class_list":["post-367","page","type-page","status-publish","has-post-thumbnail","hentry"],"_links":{"self":[{"href":"https:\/\/eule-dresden.de\/index.php?rest_route=\/wp\/v2\/pages\/367","targetHints":{"allow":["GET"]}}],"collection":[{"href":"https:\/\/eule-dresden.de\/index.php?rest_route=\/wp\/v2\/pages"}],"about":[{"href":"https:\/\/eule-dresden.de\/index.php?rest_route=\/wp\/v2\/types\/page"}],"author":[{"embeddable":true,"href":"https:\/\/eule-dresden.de\/index.php?rest_route=\/wp\/v2\/users\/1"}],"replies":[{"embeddable":true,"href":"https:\/\/eule-dresden.de\/index.php?rest_route=%2Fwp%2Fv2%2Fcomments&post=367"}],"version-history":[{"count":1,"href":"https:\/\/eule-dresden.de\/index.php?rest_route=\/wp\/v2\/pages\/367\/revisions"}],"predecessor-version":[{"id":368,"href":"https:\/\/eule-dresden.de\/index.php?rest_route=\/wp\/v2\/pages\/367\/revisions\/368"}],"wp:featuredmedia":[{"embeddable":true,"href":"https:\/\/eule-dresden.de\/index.php?rest_route=\/wp\/v2\/media\/482"}],"wp:attachment":[{"href":"https:\/\/eule-dresden.de\/index.php?rest_route=%2Fwp%2Fv2%2Fmedia&parent=367"}],"curies":[{"name":"wp","href":"https:\/\/api.w.org\/{rel}","templated":true}]}}