{"id":364,"date":"2017-02-16T17:18:48","date_gmt":"2017-02-16T16:18:48","guid":{"rendered":"http:\/\/eule-dresden.de\/?page_id=364"},"modified":"2017-03-13T17:07:15","modified_gmt":"2017-03-13T16:07:15","slug":"getraenke","status":"publish","type":"page","link":"https:\/\/eule-dresden.de\/?page_id=364","title":{"rendered":"Getr\u00e4nke"},"content":{"rendered":"<h2 style=\"text-align: center;\">Getr\u00e4nkeauswahl<\/h2>\n<p style=\"text-align: center;\">Hei\u00dfgetr\u00e4nke<\/p>\n<p style=\"text-align: center;\">Alkoholfreie Getr\u00e4nke<\/p>\n<p style=\"text-align: center;\">Fassbier<\/p>\n<p style=\"text-align: center;\">Sekt &amp; Prosecco<\/p>\n<p style=\"text-align: center;\">Weisswein \/ Rosewein \/ Rotwein<\/p>\n<p style=\"text-align: center;\">Alle Getr\u00e4nke stellen wir Ihnen gerne auf Kommissionsbasis bereit und berechnen nach Verbrauch, wobei Anriss als verbraucht gilt. Das Getr\u00e4nkeangebot kann jederzeit erweitert oder ge\u00e4ndert werden.<br \/>\nGerne k\u00f6nne Sie auch eine unserer Getr\u00e4nkepauschalen w\u00e4hlen.<br \/>\nSollten Sie den Wunsch haben, eigene Getr\u00e4nke mitzubringen, m\u00f6chten wir Sie um Verst\u00e4ndnis bitten, dass ein \u201eKorkgeld\u201c erhoben wird.<\/p>\n<h3 style=\"text-align: center;\">Kleine Getr\u00e4nkepauschale<\/h3>\n<p style=\"text-align: center;\">Fassbier (Hell)<\/p>\n<p style=\"text-align: center;\">Hauswein wei\u00df und rot<\/p>\n<p style=\"text-align: center;\">Cola, Fanta, Sprite<\/p>\n<p style=\"text-align: center;\">Apfel- und Orangensaft<\/p>\n<p style=\"text-align: center;\">Mineralwasser<\/p>\n<h3 style=\"text-align: center;\">Gro\u00dfe Getr\u00e4nkepauschale<\/h3>\n<p style=\"text-align: center;\">Fassbier (Hell)<\/p>\n<p style=\"text-align: center;\">Alkoholfreies Bier \/ Weissbier<\/p>\n<p style=\"text-align: center;\">Hauswein wei\u00df und rot<\/p>\n<p style=\"text-align: center;\">Prosecco<\/p>\n<p style=\"text-align: center;\">Cola, Fanta, Sprite<\/p>\n<p style=\"text-align: center;\">Apfel- und Orangensaft<\/p>\n<p style=\"text-align: center;\">Mineralwasser<\/p>\n<p style=\"text-align: center;\">Zwei Spirituosen zur Wahl<\/p>\n","protected":false},"excerpt":{"rendered":"<p>Getr\u00e4nkeauswahl Hei\u00dfgetr\u00e4nke Alkoholfreie Getr\u00e4nke Fassbier Sekt &amp; Prosecco Weisswein \/ Rosewein \/ Rotwein Alle Getr\u00e4nke stellen wir Ihnen gerne auf Kommissionsbasis bereit und berechnen nach Verbrauch, wobei Anriss als verbraucht gilt. Das Getr\u00e4nkeangebot kann jederzeit erweitert oder ge\u00e4ndert werden. Gerne k\u00f6nne Sie auch eine unserer Getr\u00e4nkepauschalen w\u00e4hlen. Sollten Sie den Wunsch haben, eigene Getr\u00e4nke mitzubringen,&#8230; <br \/><a class=\"read-more btn btn-default btn-xs\" title=\"weiter lesen\" href=\"https:\/\/eule-dresden.de\/?page_id=364\"> weiter lesen<\/a><\/p>\n","protected":false},"author":1,"featured_media":486,"parent":0,"menu_order":0,"comment_status":"closed","ping_status":"closed","template":"","meta":{"_featured_slider_tag":"","footnotes":""},"class_list":["post-364","page","type-page","status-publish","has-post-thumbnail","hentry"],"_links":{"self":[{"href":"https:\/\/eule-dresden.de\/index.php?rest_route=\/wp\/v2\/pages\/364","targetHints":{"allow":["GET"]}}],"collection":[{"href":"https:\/\/eule-dresden.de\/index.php?rest_route=\/wp\/v2\/pages"}],"about":[{"href":"https:\/\/eule-dresden.de\/index.php?rest_route=\/wp\/v2\/types\/page"}],"author":[{"embeddable":true,"href":"https:\/\/eule-dresden.de\/index.php?rest_route=\/wp\/v2\/users\/1"}],"replies":[{"embeddable":true,"href":"https:\/\/eule-dresden.de\/index.php?rest_route=%2Fwp%2Fv2%2Fcomments&post=364"}],"version-history":[{"count":2,"href":"https:\/\/eule-dresden.de\/index.php?rest_route=\/wp\/v2\/pages\/364\/revisions"}],"predecessor-version":[{"id":376,"href":"https:\/\/eule-dresden.de\/index.php?rest_route=\/wp\/v2\/pages\/364\/revisions\/376"}],"wp:featuredmedia":[{"embeddable":true,"href":"https:\/\/eule-dresden.de\/index.php?rest_route=\/wp\/v2\/media\/486"}],"wp:attachment":[{"href":"https:\/\/eule-dresden.de\/index.php?rest_route=%2Fwp%2Fv2%2Fmedia&parent=364"}],"curies":[{"name":"wp","href":"https:\/\/api.w.org\/{rel}","templated":true}]}}