{"id":338,"date":"2016-10-20T21:58:22","date_gmt":"2016-10-20T19:58:22","guid":{"rendered":"http:\/\/2016.eule-dresden.de\/?page_id=338"},"modified":"2016-10-20T21:58:22","modified_gmt":"2016-10-20T19:58:22","slug":"agb","status":"publish","type":"page","link":"https:\/\/eule-dresden.de\/?page_id=338","title":{"rendered":"AGB"},"content":{"rendered":"<h2>Allgemeine Gesch\u00e4ftsbedingungen der W.O.K. Gastronomie und Catering GmbH &amp; Co. KG<\/h2>\n<h3>Geltungsbereich<\/h3>\n<p>Diese allgemeinen Gesch\u00e4ftsbedingungen in der jeweils aktuellen Fassung, gelten f\u00fcr die von uns angebotenen Leistungen, wie die Lieferung von Getr\u00e4nken und Speisen, Service-dienstleistungen, Personaldienstleistungen, den Verleih von Partyzubeh\u00f6r und die Vermittlung von eigenen, als auch Dienstleistungen und Waren von Drittanbietern, die der Kunde zuvor bei uns pers\u00f6nlich per Post, Telefon, Fax oder Internet bestellt hat.<\/p>\n<h3>Angebot und Preise<\/h3>\n<p>Unsere Angebote sind freibleibend. Alle auf unseren Angeboten, Internetseiten und in Druckerzeugnissen genannten Preise sind Abholpreise und verstehen sich zzgl. der gesetzlichen Mehrwertsteuer. Erfolgt die Lieferung durch uns, so wird sie mit einer Lieferpauschale berechnet. Preis- und Leistungs\u00e4nderungen, sowie Irrt\u00fcmer behalten wir uns vor.<\/p>\n<h3>Bestellung<\/h3>\n<p>Ihre Bestellung sollte bei uns bis zu dem im Angebot genannten Termin, per E-Mail, Fax, Post oder pers\u00f6nlich erfolgen. Die Anmietung von R\u00e4umlichkeiten, der Bedarf an Service-personal, oder umfangreiche und besonders aufwendige Bestellungen mit Sonderw\u00fcnschen, bitten wir in Ihrem Interesse, so fr\u00fchzeitig als m\u00f6glich aufzugeben. Kaufabschl\u00fcsse, Liefervertr\u00e4ge und sonstige Vereinbarungen, insbesondere m\u00fcndliche Verabredungen und Zusicherungen unserer Angestellten, werden erst durch eine schriftliche Best\u00e4tigung verbindlich. Der Besteller versichert mit seiner Bestellung, die Allgemeinen Gesch\u00e4ftsbedingungen gelesen zu haben und erkl\u00e4rt sich mit diesen einverstanden.<\/p>\n<h3>Auslieferung<\/h3>\n<p>Die Auslieferung erfolgt an die vom Kunden angegebene Lieferadresse zum vereinbarten Liefertermin. Die Lieferung erfolgt nach bestem Wissen und Gewissen, sowie unter Einhaltung entsprechender gesetzlicher Vorschriften. Bei jeder Lieferung mu\u00df mit Zeitverschiebungen gerechnet werden, die wir selbst bei gro\u00dfer Sorgfalt, nicht beeinflussen k\u00f6nnen. Der Kunde gew\u00e4hrleistet die Entgegennahme, der von ihm bestellten Waren und Leihzubeh\u00f6r und quittiert den ordnungsgem\u00e4\u00dfen Erhalt der in seiner Bestellung georderten Waren, Leihzubeh\u00f6r und Dienstleistungen, auf der Durchschrift der vom Auslieferpersonal ausgeh\u00e4ndigten Quittung bzw. Rechnung. Besonderheiten die den Lieferort betreffen, wie Baustellen, lange Wege, Treppen \u00fcber 3 Etagen, nicht funktionierende Fahrst\u00fchle etc., sind durch den Kunden bei der Bestellung mitzuteilen, damit wir uns zeitlich und organisatorisch darauf einrichten k\u00f6nnen. F\u00fcr besonders aufwendige Gegebenheiten, den Lieferort betreffend, behalten wir uns vor eine Mehraufwandspauschale zu berechnen.<\/p>\n<h3>Bezahlung<\/h3>\n<p>Der Kunde bezahlt die bestellten Waren und Dienstleistungen, falls nicht anders vereinbart bei Anlieferung. Der mit der Lieferung beauftragte Mitarbeiter ist berechtigt und verpflichtet, gegen Aush\u00e4ndigung der Ware zu kassieren. Die Zahlung erfolgt in bar gegen Quittung oder Rechnung. Auf pers\u00f6nliche Vereinbarung akzeptieren wir auch die Bezahlung durch \u00dcberweisung, auf unser Gesch\u00e4ftskonto, innerhalb 10 Tagen nach Lieferung bzw. erbrachter Dienstleistung. Der dem Kunden bei der Bezahlung \u00fcbergebene Beleg, ist gleichzeitig Lieferschein und Rechnung. Hier quittiert der Kunde auf der Durchschrift, den ordnungsgem\u00e4\u00dfen Erhalt der Waren und Dienstleistung.<\/p>\n<h3>Leihwaren\/Leihzubeh\u00f6r\/Partybedarf<\/h3>\n<p>Die Lieferung von Speisen und Getr\u00e4nken, erfolgt in oder auf Leihwaren, wie Warmhalteger\u00e4ten und Platten. Diese werden nach Vereinbarung am Folgetag von unserem Fahrer abgeholt. Der Kunde h\u00e4lt die Leihwaren zum vereinbarten Termin zur Abholung bereit. Kann die Leihware nicht von uns abgeholt werden, weil der Kunde zum vereinbarten Termin nicht anzutreffen ist, behalten wir uns vor, Arbeitsstunden, Kilometergeld und Tagesleihgeb\u00fchren f\u00fcr verliehene Gegenst\u00e4nde zu in Rechnung zu stellen. Leihware die mit Getr\u00e4nken und Speisen in Kontakt kamen, sind aufgrund hygienischer Bestimmungen grob vorgereinigt zur\u00fcckzugeben. Wir behalten uns vor, Reinigungskosten f\u00fcr nicht grob vorgereinigte Leihware in Rechnung zu stellen. Der Kunde tr\u00e4gt von der \u00dcbergabe bis zur R\u00fcckgabe die Verantwortung f\u00fcr unsere Leihware. Die R\u00fccknahme erfolgt zun\u00e4chst unter Vorbehalt. Exakte Bruch und Fehlmengen k\u00f6nnen erst nach erfolgtem Reinigungsproze\u00df ermittelt werden. Fehlmengen und Bruch werden zum Tagespreis berechnet. Sollten saisonbedingte Waren nicht erh\u00e4ltlich sein, behalten wir uns den Ersatz durch gleichwertige Rohstoffe vor.<\/p>\n<h3>Saisonale Abweichungen<\/h3>\n<p>Die von uns angebotenen Speisen wie z.B. Obst, unterliegen teilweise saisonal bedingten Schwankungen auf dem Markt. Wir behalten uns vor Teile der Bestellung, die diesen saisonalen Schwankungen unterliegen, durch gleichwertige Ware ohne Preis\u00e4nderung und Ank\u00fcndigung zu ersetzen.<\/p>\n<h3>Gew\u00e4hrleistung<\/h3>\n<p>Wir versichern daf\u00fcr Sorge zu tragen, dass die auszuliefernden Waren sorgf\u00e4ltig und vorschriftsm\u00e4\u00dfig transportiert werden. Wir \u00fcbernehmen keine Gew\u00e4hr, dass die Bestellung p\u00fcnktlich bzw. in einem bestimmten Zeitrahmen erfolgt. Der Kunde hat die Ware nach mit ihm zumutbarer Gr\u00fcndlichkeit zu pr\u00fcfen. Erkennbare M\u00e4ngel bzw. Reklamationen bezogen auf z.B. Anzahl und Menge bestellter Waren, k\u00f6nnen nur sofort nach Anlieferung geltend gemacht werden und m\u00fcssen sofort auf dem Lieferschein vermerkt werden. F\u00fcr Sch\u00e4den, die durch h\u00f6here Gewalt entstehen, \u00fcbernehmen wir keine Schadensersatzanspr\u00fcche. Der Lieferer ist bei mangelhafter oder unvollst\u00e4ndiger Lieferung sofort telefonische zu benachrichtigen, damit eventuell fehlende, oder f\u00e4lschlich gelieferte Teile der Bestellungen, nachgeliefert werden k\u00f6nnen. Bei nachweisbaren M\u00e4ngeln k\u00f6nnen wir nach unserer Wahl nachbessern oder kostenlosen Warenersatz liefern. Ein Recht auf Wandlung oder Minderung entf\u00e4llt, falls etwaige M\u00e4ngel bzw. Minderleistungen erst sp\u00e4ter beanstandet werden.<\/p>\n<h3>R\u00fccktritt<\/h3>\n<p>Tritt der Besteller von fest gebuchten Veranstaltungen oder Buffet- oder Warenbestellungen zur\u00fcck, sind wir berechtig Schadensersatz zu berechnen.<\/p>\n<p>25% der Auftragssumme bei Absage bis 30 Tage vor Veranstaltungsdatum<\/p>\n<p>50% der Auftragssumme bei Absage 15 bis 29 Tage vor Veranstaltungsdatum<\/p>\n<p>50% der Auftragssumme bei Absage 4 bis 14 Tage vor Veranstaltungsdatum<\/p>\n<p>100% der Auftragssumme bei Absage 0 bis 3 Tage vor Veranstaltungsdatum<\/p>\n<h3>Haftung<\/h3>\n<p>Unsere Haftung im Rahmen der vereinbarten Leistungen, ist begrenzt auf den Warenwert. Nach \u00dcbergabe der bestellten Waren und Leihwaren an den Kunden, geht die Haftung f\u00fcr Besch\u00e4digung, und Bruch auf den Kunden \u00fcber.<\/p>\n<h3>Datenspeicherung\/Datenschutz<\/h3>\n<p>Die f\u00fcr die Auftragsabwicklung notwendigen pers\u00f6nlichen Daten des Kunden werden gespeichert. Der Kunde erkl\u00e4rt hiermit ausdr\u00fccklich sein Einverst\u00e4ndnis. Alle personenbezogenen Daten werden selbstverst\u00e4ndlich vertraulich behandelt.<\/p>\n<h3>Gerichtsstand<\/h3>\n<p>Erf\u00fcllungsort und Gerichtstand ist Dresden.<\/p>\n","protected":false},"excerpt":{"rendered":"<p>Allgemeine Gesch\u00e4ftsbedingungen der W.O.K. Gastronomie und Catering GmbH &amp; Co. KG Geltungsbereich Diese allgemeinen Gesch\u00e4ftsbedingungen in der jeweils aktuellen Fassung, gelten f\u00fcr die von uns angebotenen Leistungen, wie die Lieferung von Getr\u00e4nken und Speisen, Service-dienstleistungen, Personaldienstleistungen, den Verleih von Partyzubeh\u00f6r und die Vermittlung von eigenen, als auch Dienstleistungen und Waren von Drittanbietern, die der Kunde&#8230; <br \/><a class=\"read-more btn btn-default btn-xs\" title=\"weiter lesen\" href=\"https:\/\/eule-dresden.de\/?page_id=338\"> weiter lesen<\/a><\/p>\n","protected":false},"author":1,"featured_media":0,"parent":0,"menu_order":0,"comment_status":"closed","ping_status":"closed","template":"","meta":{"_featured_slider_tag":"","footnotes":""},"class_list":["post-338","page","type-page","status-publish","hentry"],"_links":{"self":[{"href":"https:\/\/eule-dresden.de\/index.php?rest_route=\/wp\/v2\/pages\/338","targetHints":{"allow":["GET"]}}],"collection":[{"href":"https:\/\/eule-dresden.de\/index.php?rest_route=\/wp\/v2\/pages"}],"about":[{"href":"https:\/\/eule-dresden.de\/index.php?rest_route=\/wp\/v2\/types\/page"}],"author":[{"embeddable":true,"href":"https:\/\/eule-dresden.de\/index.php?rest_route=\/wp\/v2\/users\/1"}],"replies":[{"embeddable":true,"href":"https:\/\/eule-dresden.de\/index.php?rest_route=%2Fwp%2Fv2%2Fcomments&post=338"}],"version-history":[{"count":1,"href":"https:\/\/eule-dresden.de\/index.php?rest_route=\/wp\/v2\/pages\/338\/revisions"}],"predecessor-version":[{"id":339,"href":"https:\/\/eule-dresden.de\/index.php?rest_route=\/wp\/v2\/pages\/338\/revisions\/339"}],"wp:attachment":[{"href":"https:\/\/eule-dresden.de\/index.php?rest_route=%2Fwp%2Fv2%2Fmedia&parent=338"}],"curies":[{"name":"wp","href":"https:\/\/api.w.org\/{rel}","templated":true}]}}